{"id":675,"date":"2024-07-09T21:10:19","date_gmt":"2024-07-10T03:10:19","guid":{"rendered":"http:\/\/anc.local\/?page_id=675"},"modified":"2024-07-09T21:13:51","modified_gmt":"2024-07-10T03:13:51","slug":"victor-hugo-castro-araya-1939-2020","status":"publish","type":"page","link":"https:\/\/www.anc.cr\/en\/victor-hugo-castro-araya-1939-2020\/","title":{"rendered":"Victor Hugo Castro Araya (1939-2020)"},"content":{"rendered":"<div class=\"wp-block-group alignfull has-global-padding is-layout-constrained wp-container-core-group-is-layout-cb151cc7 wp-block-group-is-layout-constrained\" style=\"margin-top:0;margin-bottom:0;padding-top:0;padding-right:var(--wp--preset--spacing--50);padding-bottom:0;padding-left:var(--wp--preset--spacing--50)\">\n<div class=\"wp-block-columns alignwide are-vertically-aligned-center is-layout-flex wp-container-core-columns-is-layout-47c06fe3 wp-block-columns-is-layout-flex\">\n<div class=\"wp-block-column is-vertically-aligned-center is-layout-flow wp-block-column-is-layout-flow\" style=\"flex-basis:50%\">\n<h3 class=\"wp-block-heading has-x-large-font-size\">Victor Hugo Castro Araya (1939-2020)<\/h3>\n\n\n\n<p>Acad\u00e9mico de N\u00famero<\/p>\n\n\n\n<ul class=\"wp-block-list\">\n<li>Catedr\u00e1tico, C\u00e1tedra de Qu\u00edmica Org\u00e1nica, Escuela de Qu\u00edmica, Universidad de Costa Rica, San Jos\u00e9, Costa Rica.<\/li>\n\n\n\n<li>Lic. en Qu\u00edmica, Universidad de Costa Rica (1963).<\/li>\n\n\n\n<li>Posgrado, Universidad Libre de Berl\u00edn (1964-1965).<\/li>\n\n\n\n<li>Posgrado, Universidades de Osaka y Hokkaido, Jap\u00f3n (1972-1974).<\/li>\n<\/ul>\n<\/div>\n\n\n\n<div class=\"wp-block-column is-vertically-aligned-center is-layout-flow wp-block-column-is-layout-flow\" style=\"flex-basis:50%\"><figure style=\"width:500px;height:500px;\" class=\"wp-block-post-featured-image\"><img decoding=\"async\" width=\"262\" height=\"259\" src=\"https:\/\/www.anc.cr\/wp-content\/uploads\/2024\/07\/image-49.png\" class=\"attachment-post-thumbnail size-post-thumbnail wp-post-image\" alt=\"\" style=\"height:500px;object-fit:cover;\" \/><\/figure><\/div>\n<\/div>\n<\/div>\n\n\n\n<div style=\"height:10px\" aria-hidden=\"true\" class=\"wp-block-spacer\"><\/div>\n\n\n\n<hr class=\"wp-block-separator has-alpha-channel-opacity\"\/>\n\n\n\n<p>Victor Castro se especializ\u00f3 en la fitoqu\u00edmica y estudi\u00f3, en conjunto con otros investigadores, nuevas sustancias o fracciones de extractos naturales que puedan ser usados en la industria cosm\u00e9tica o alimentaria<br><br>Ocup\u00f3 los cargos de Asistente Estudiante en la Escuela de Qu\u00edmica de la Universidad de Costa Rica (1960-1961), Profesor Adjunto de la C\u00e1tedra de Qu\u00edmica General y Preparados Org\u00e1nicos en la Universidad de Costa Rica (1962-1963), Qu\u00edmico II en Laboratorio de Qu\u00edmica del Ministerio de Salud, en San Jos\u00e9 (1963), Asistente Graduado y Encargado de C\u00e1tedra en la Escuela de Qu\u00edmica, Facultad de Ciencias (1966-1974), Profesor Adjunto en la C\u00e1tedra de Qu\u00edmica Org\u00e1nica de la Escuela de Qu\u00edmica de la Universidad de Costa Rica en el \u00c1rea de Investigaci\u00f3n en Productos Naturales (1974-1979), Profesor Asociado en la C\u00e1tedra de Qu\u00edmica Org\u00e1nica de la Escuela de Qu\u00edmica de la U.C.R. (1979-1981), Miembro del Consejo Cient\u00edfico del Centro de Investigaci\u00f3n en Productos Naturales , U.C.R. (1979- ), Catedr\u00e1tico en la C\u00e1tedra de Qu\u00edmica Org\u00e1nica de la Escuela de Qu\u00edmica. U.C.R. (1981- ), Miembro de la Academia Nacional de Ciencias de Costa Rica (1997- ). Adem\u00e1s, el Colegio de Qu\u00edmicos lo nombr\u00f3 como Qu\u00edmico del A\u00f1o (2005).<\/p>","protected":false},"excerpt":{"rendered":"<p>Victor Hugo Castro Araya (1939-2020) Acad\u00e9mico de N\u00famero Victor Castro se especializ\u00f3 en la fitoqu\u00edmica y estudi\u00f3, en conjunto con otros investigadores, nuevas sustancias o fracciones de extractos naturales que puedan ser usados en la industria cosm\u00e9tica o alimentaria Ocup\u00f3 los cargos de Asistente Estudiante en la Escuela de Qu\u00edmica de la Universidad de Costa [&hellip;]<\/p>\n","protected":false},"author":1,"featured_media":701,"parent":0,"menu_order":0,"comment_status":"closed","ping_status":"closed","template":"","meta":{"footnotes":""},"class_list":["post-675","page","type-page","status-publish","has-post-thumbnail","hentry"],"yoast_head":"<!-- This site is optimized with the Yoast SEO plugin v27.3 - https:\/\/yoast.com\/product\/yoast-seo-wordpress\/ -->\n<title>Victor Hugo Castro Araya (1939-2020) - ANC<\/title>\n<meta name=\"robots\" content=\"index, follow, max-snippet:-1, max-image-preview:large, max-video-preview:-1\" \/>\n<link rel=\"canonical\" href=\"https:\/\/www.anc.cr\/en\/victor-hugo-castro-araya-1939-2020\/\" \/>\n<meta property=\"og:locale\" content=\"en_US\" \/>\n<meta property=\"og:type\" content=\"article\" \/>\n<meta property=\"og:title\" content=\"Victor Hugo Castro Araya (1939-2020) - ANC\" \/>\n<meta property=\"og:description\" content=\"Victor Hugo Castro Araya (1939-2020) Acad\u00e9mico de N\u00famero Victor Castro se especializ\u00f3 en la fitoqu\u00edmica y estudi\u00f3, en conjunto con otros investigadores, nuevas sustancias o fracciones de extractos naturales que puedan ser usados en la industria cosm\u00e9tica o alimentaria Ocup\u00f3 los cargos de Asistente Estudiante en la Escuela de Qu\u00edmica de la Universidad de Costa [&hellip;]\" \/>\n<meta property=\"og:url\" content=\"https:\/\/www.anc.cr\/en\/victor-hugo-castro-araya-1939-2020\/\" \/>\n<meta property=\"og:site_name\" content=\"ANC\" \/>\n<meta property=\"article:modified_time\" content=\"2024-07-10T03:13:51+00:00\" \/>\n<meta property=\"og:image\" content=\"https:\/\/www.anc.cr\/wp-content\/uploads\/2024\/07\/image-49.png\" \/>\n\t<meta property=\"og:image:width\" content=\"262\" \/>\n\t<meta property=\"og:image:height\" content=\"259\" \/>\n\t<meta property=\"og:image:type\" content=\"image\/png\" \/>\n<meta name=\"twitter:card\" content=\"summary_large_image\" \/>\n<meta name=\"twitter:label1\" content=\"Est. reading time\" \/>\n\t<meta name=\"twitter:data1\" content=\"1 minute\" \/>\n<script type=\"application\/ld+json\" class=\"yoast-schema-graph\">{\"@context\":\"https:\\\/\\\/schema.org\",\"@graph\":[{\"@type\":\"WebPage\",\"@id\":\"https:\\\/\\\/www.anc.cr\\\/victor-hugo-castro-araya-1939-2020\\\/\",\"url\":\"https:\\\/\\\/www.anc.cr\\\/victor-hugo-castro-araya-1939-2020\\\/\",\"name\":\"Victor Hugo Castro Araya (1939-2020) - ANC\",\"isPartOf\":{\"@id\":\"https:\\\/\\\/www.anc.cr\\\/#website\"},\"primaryImageOfPage\":{\"@id\":\"https:\\\/\\\/www.anc.cr\\\/victor-hugo-castro-araya-1939-2020\\\/#primaryimage\"},\"image\":{\"@id\":\"https:\\\/\\\/www.anc.cr\\\/victor-hugo-castro-araya-1939-2020\\\/#primaryimage\"},\"thumbnailUrl\":\"https:\\\/\\\/www.anc.cr\\\/wp-content\\\/uploads\\\/2024\\\/07\\\/image-49.png\",\"datePublished\":\"2024-07-10T03:10:19+00:00\",\"dateModified\":\"2024-07-10T03:13:51+00:00\",\"breadcrumb\":{\"@id\":\"https:\\\/\\\/www.anc.cr\\\/victor-hugo-castro-araya-1939-2020\\\/#breadcrumb\"},\"inLanguage\":\"en-US\",\"potentialAction\":[{\"@type\":\"ReadAction\",\"target\":[\"https:\\\/\\\/www.anc.cr\\\/victor-hugo-castro-araya-1939-2020\\\/\"]}]},{\"@type\":\"ImageObject\",\"inLanguage\":\"en-US\",\"@id\":\"https:\\\/\\\/www.anc.cr\\\/victor-hugo-castro-araya-1939-2020\\\/#primaryimage\",\"url\":\"https:\\\/\\\/www.anc.cr\\\/wp-content\\\/uploads\\\/2024\\\/07\\\/image-49.png\",\"contentUrl\":\"https:\\\/\\\/www.anc.cr\\\/wp-content\\\/uploads\\\/2024\\\/07\\\/image-49.png\",\"width\":262,\"height\":259},{\"@type\":\"BreadcrumbList\",\"@id\":\"https:\\\/\\\/www.anc.cr\\\/victor-hugo-castro-araya-1939-2020\\\/#breadcrumb\",\"itemListElement\":[{\"@type\":\"ListItem\",\"position\":1,\"name\":\"Portada\",\"item\":\"https:\\\/\\\/www.anc.cr\\\/\"},{\"@type\":\"ListItem\",\"position\":2,\"name\":\"Victor Hugo Castro Araya (1939-2020)\"}]},{\"@type\":\"WebSite\",\"@id\":\"https:\\\/\\\/www.anc.cr\\\/#website\",\"url\":\"https:\\\/\\\/www.anc.cr\\\/\",\"name\":\"ANC\",\"description\":\"Academia Nacional de Ciencias\",\"publisher\":{\"@id\":\"https:\\\/\\\/www.anc.cr\\\/#organization\"},\"potentialAction\":[{\"@type\":\"SearchAction\",\"target\":{\"@type\":\"EntryPoint\",\"urlTemplate\":\"https:\\\/\\\/www.anc.cr\\\/?s={search_term_string}\"},\"query-input\":{\"@type\":\"PropertyValueSpecification\",\"valueRequired\":true,\"valueName\":\"search_term_string\"}}],\"inLanguage\":\"en-US\"},{\"@type\":\"Organization\",\"@id\":\"https:\\\/\\\/www.anc.cr\\\/#organization\",\"name\":\"ANC\",\"url\":\"https:\\\/\\\/www.anc.cr\\\/\",\"logo\":{\"@type\":\"ImageObject\",\"inLanguage\":\"en-US\",\"@id\":\"https:\\\/\\\/www.anc.cr\\\/#\\\/schema\\\/logo\\\/image\\\/\",\"url\":\"https:\\\/\\\/www.anc.cr\\\/wp-content\\\/uploads\\\/2024\\\/07\\\/Logo-ANC-CR.png\",\"contentUrl\":\"https:\\\/\\\/www.anc.cr\\\/wp-content\\\/uploads\\\/2024\\\/07\\\/Logo-ANC-CR.png\",\"width\":1051,\"height\":593,\"caption\":\"ANC\"},\"image\":{\"@id\":\"https:\\\/\\\/www.anc.cr\\\/#\\\/schema\\\/logo\\\/image\\\/\"}}]}<\/script>\n<!-- \/ Yoast SEO plugin. -->","yoast_head_json":{"title":"Victor Hugo Castro Araya (1939-2020) - ANC","robots":{"index":"index","follow":"follow","max-snippet":"max-snippet:-1","max-image-preview":"max-image-preview:large","max-video-preview":"max-video-preview:-1"},"canonical":"https:\/\/www.anc.cr\/en\/victor-hugo-castro-araya-1939-2020\/","og_locale":"en_US","og_type":"article","og_title":"Victor Hugo Castro Araya (1939-2020) - ANC","og_description":"Victor Hugo Castro Araya (1939-2020) Acad\u00e9mico de N\u00famero Victor Castro se especializ\u00f3 en la fitoqu\u00edmica y estudi\u00f3, en conjunto con otros investigadores, nuevas sustancias o fracciones de extractos naturales que puedan ser usados en la industria cosm\u00e9tica o alimentaria Ocup\u00f3 los cargos de Asistente Estudiante en la Escuela de Qu\u00edmica de la Universidad de Costa [&hellip;]","og_url":"https:\/\/www.anc.cr\/en\/victor-hugo-castro-araya-1939-2020\/","og_site_name":"ANC","article_modified_time":"2024-07-10T03:13:51+00:00","og_image":[{"width":262,"height":259,"url":"https:\/\/www.anc.cr\/wp-content\/uploads\/2024\/07\/image-49.png","type":"image\/png"}],"twitter_card":"summary_large_image","twitter_misc":{"Est. reading time":"1 minute"},"schema":{"@context":"https:\/\/schema.org","@graph":[{"@type":"WebPage","@id":"https:\/\/www.anc.cr\/victor-hugo-castro-araya-1939-2020\/","url":"https:\/\/www.anc.cr\/victor-hugo-castro-araya-1939-2020\/","name":"Victor Hugo Castro Araya (1939-2020) - ANC","isPartOf":{"@id":"https:\/\/www.anc.cr\/#website"},"primaryImageOfPage":{"@id":"https:\/\/www.anc.cr\/victor-hugo-castro-araya-1939-2020\/#primaryimage"},"image":{"@id":"https:\/\/www.anc.cr\/victor-hugo-castro-araya-1939-2020\/#primaryimage"},"thumbnailUrl":"https:\/\/www.anc.cr\/wp-content\/uploads\/2024\/07\/image-49.png","datePublished":"2024-07-10T03:10:19+00:00","dateModified":"2024-07-10T03:13:51+00:00","breadcrumb":{"@id":"https:\/\/www.anc.cr\/victor-hugo-castro-araya-1939-2020\/#breadcrumb"},"inLanguage":"en-US","potentialAction":[{"@type":"ReadAction","target":["https:\/\/www.anc.cr\/victor-hugo-castro-araya-1939-2020\/"]}]},{"@type":"ImageObject","inLanguage":"en-US","@id":"https:\/\/www.anc.cr\/victor-hugo-castro-araya-1939-2020\/#primaryimage","url":"https:\/\/www.anc.cr\/wp-content\/uploads\/2024\/07\/image-49.png","contentUrl":"https:\/\/www.anc.cr\/wp-content\/uploads\/2024\/07\/image-49.png","width":262,"height":259},{"@type":"BreadcrumbList","@id":"https:\/\/www.anc.cr\/victor-hugo-castro-araya-1939-2020\/#breadcrumb","itemListElement":[{"@type":"ListItem","position":1,"name":"Portada","item":"https:\/\/www.anc.cr\/"},{"@type":"ListItem","position":2,"name":"Victor Hugo Castro Araya (1939-2020)"}]},{"@type":"WebSite","@id":"https:\/\/www.anc.cr\/#website","url":"https:\/\/www.anc.cr\/","name":"ANC","description":"Academia Nacional de Ciencias","publisher":{"@id":"https:\/\/www.anc.cr\/#organization"},"potentialAction":[{"@type":"SearchAction","target":{"@type":"EntryPoint","urlTemplate":"https:\/\/www.anc.cr\/?s={search_term_string}"},"query-input":{"@type":"PropertyValueSpecification","valueRequired":true,"valueName":"search_term_string"}}],"inLanguage":"en-US"},{"@type":"Organization","@id":"https:\/\/www.anc.cr\/#organization","name":"ANC","url":"https:\/\/www.anc.cr\/","logo":{"@type":"ImageObject","inLanguage":"en-US","@id":"https:\/\/www.anc.cr\/#\/schema\/logo\/image\/","url":"https:\/\/www.anc.cr\/wp-content\/uploads\/2024\/07\/Logo-ANC-CR.png","contentUrl":"https:\/\/www.anc.cr\/wp-content\/uploads\/2024\/07\/Logo-ANC-CR.png","width":1051,"height":593,"caption":"ANC"},"image":{"@id":"https:\/\/www.anc.cr\/#\/schema\/logo\/image\/"}}]}},"_links":{"self":[{"href":"https:\/\/www.anc.cr\/en\/wp-json\/wp\/v2\/pages\/675","targetHints":{"allow":["GET"]}}],"collection":[{"href":"https:\/\/www.anc.cr\/en\/wp-json\/wp\/v2\/pages"}],"about":[{"href":"https:\/\/www.anc.cr\/en\/wp-json\/wp\/v2\/types\/page"}],"author":[{"embeddable":true,"href":"https:\/\/www.anc.cr\/en\/wp-json\/wp\/v2\/users\/1"}],"replies":[{"embeddable":true,"href":"https:\/\/www.anc.cr\/en\/wp-json\/wp\/v2\/comments?post=675"}],"version-history":[{"count":3,"href":"https:\/\/www.anc.cr\/en\/wp-json\/wp\/v2\/pages\/675\/revisions"}],"predecessor-version":[{"id":709,"href":"https:\/\/www.anc.cr\/en\/wp-json\/wp\/v2\/pages\/675\/revisions\/709"}],"wp:featuredmedia":[{"embeddable":true,"href":"https:\/\/www.anc.cr\/en\/wp-json\/wp\/v2\/media\/701"}],"wp:attachment":[{"href":"https:\/\/www.anc.cr\/en\/wp-json\/wp\/v2\/media?parent=675"}],"curies":[{"name":"wp","href":"https:\/\/api.w.org\/{rel}","templated":true}]}}

<div class="wp-block-group alignfull has-global-padding is-layout-constrained wp-container-core-group-is-layout-cb151cc7 wp-block-group-is-layout-constrained" style="margin-top:0;margin-bottom:0;padding-top:0;padding-right:var(--wp--preset--spacing--50);padding-bottom:0;padding-left:var(--wp--preset--spacing--50)">
<div class="wp-block-columns alignwide are-vertically-aligned-center is-layout-flex wp-container-core-columns-is-layout-47c06fe3 wp-block-columns-is-layout-flex">
<div class="wp-block-column is-vertically-aligned-center is-layout-flow wp-block-column-is-layout-flow" style="flex-basis:50%">
<h3 class="wp-block-heading has-x-large-font-size">Victor Hugo Castro Araya (1939-2020)</h3>



<p>Académico de Número</p>



<ul class="wp-block-list">
<li>Catedrático, Cátedra de Química Orgánica, Escuela de Química, Universidad de Costa Rica, San José, Costa Rica.</li>



<li>Lic. en Química, Universidad de Costa Rica (1963).</li>



<li>Posgrado, Universidad Libre de Berlín (1964-1965).</li>



<li>Posgrado, Universidades de Osaka y Hokkaido, Japón (1972-1974).</li>
</ul>
</div>



<div class="wp-block-column is-vertically-aligned-center is-layout-flow wp-block-column-is-layout-flow" style="flex-basis:50%"><figure style="width:500px;height:500px;" class="wp-block-post-featured-image"><img decoding="async" width="262" height="259" src="https://www.anc.cr/wp-content/uploads/2024/07/image-49.png" class="attachment-post-thumbnail size-post-thumbnail wp-post-image" alt="" style="height:500px;object-fit:cover;" /></figure></div>
</div>
</div>



<div style="height:10px" aria-hidden="true" class="wp-block-spacer"></div>



<hr class="wp-block-separator has-alpha-channel-opacity"/>



<p>Victor Castro se especializó en la fitoquímica y estudió, en conjunto con otros investigadores, nuevas sustancias o fracciones de extractos naturales que puedan ser usados en la industria cosmética o alimentaria<br><br>Ocupó los cargos de Asistente Estudiante en la Escuela de Química de la Universidad de Costa Rica (1960-1961), Profesor Adjunto de la Cátedra de Química General y Preparados Orgánicos en la Universidad de Costa Rica (1962-1963), Químico II en Laboratorio de Química del Ministerio de Salud, en San José (1963), Asistente Graduado y Encargado de Cátedra en la Escuela de Química, Facultad de Ciencias (1966-1974), Profesor Adjunto en la Cátedra de Química Orgánica de la Escuela de Química de la Universidad de Costa Rica en el Área de Investigación en Productos Naturales (1974-1979), Profesor Asociado en la Cátedra de Química Orgánica de la Escuela de Química de la U.C.R. (1979-1981), Miembro del Consejo Científico del Centro de Investigación en Productos Naturales , U.C.R. (1979- ), Catedrático en la Cátedra de Química Orgánica de la Escuela de Química. U.C.R. (1981- ), Miembro de la Academia Nacional de Ciencias de Costa Rica (1997- ). Además, el Colegio de Químicos lo nombró como Químico del Año (2005).</p>

<p>Victor Hugo Castro Araya (1939-2020) Académico de Número Victor Castro se especializó en la fitoquímica y estudió, en conjunto con otros investigadores, nuevas sustancias o fracciones de extractos naturales que puedan ser usados en la industria cosmética o alimentaria Ocupó los cargos de Asistente Estudiante en la Escuela de Química de la Universidad de Costa [&hellip;]</p>

<!-- This site is optimized with the Yoast SEO plugin v27.3 - https://yoast.com/product/yoast-seo-wordpress/ -->
<title>Victor Hugo Castro Araya (1939-2020) - ANC</title>
<meta name="robots" content="index, follow, max-snippet:-1, max-image-preview:large, max-video-preview:-1" />
<link rel="canonical" href="https://www.anc.cr/en/victor-hugo-castro-araya-1939-2020/" />
<meta property="og:locale" content="en_US" />
<meta property="og:type" content="article" />
<meta property="og:title" content="Victor Hugo Castro Araya (1939-2020) - ANC" />
<meta property="og:description" content="Victor Hugo Castro Araya (1939-2020) Académico de Número Victor Castro se especializó en la fitoquímica y estudió, en conjunto con otros investigadores, nuevas sustancias o fracciones de extractos naturales que puedan ser usados en la industria cosmética o alimentaria Ocupó los cargos de Asistente Estudiante en la Escuela de Química de la Universidad de Costa [&hellip;]" />
<meta property="og:url" content="https://www.anc.cr/en/victor-hugo-castro-araya-1939-2020/" />
<meta property="og:site_name" content="ANC" />
<meta property="article:modified_time" content="2024-07-10T03:13:51+00:00" />
<meta property="og:image" content="https://www.anc.cr/wp-content/uploads/2024/07/image-49.png" />
	<meta property="og:image:width" content="262" />
	<meta property="og:image:height" content="259" />
	<meta property="og:image:type" content="image/png" />
<meta name="twitter:card" content="summary_large_image" />
<meta name="twitter:label1" content="Est. reading time" />
	<meta name="twitter:data1" content="1 minute" />
<script type="application/ld+json" class="yoast-schema-graph">{"@context":"https:\/\/schema.org","@graph":[{"@type":"WebPage","@id":"https:\/\/www.anc.cr\/victor-hugo-castro-araya-1939-2020\/","url":"https:\/\/www.anc.cr\/victor-hugo-castro-araya-1939-2020\/","name":"Victor Hugo Castro Araya (1939-2020) - ANC","isPartOf":{"@id":"https:\/\/www.anc.cr\/#website"},"primaryImageOfPage":{"@id":"https:\/\/www.anc.cr\/victor-hugo-castro-araya-1939-2020\/#primaryimage"},"image":{"@id":"https:\/\/www.anc.cr\/victor-hugo-castro-araya-1939-2020\/#primaryimage"},"thumbnailUrl":"https:\/\/www.anc.cr\/wp-content\/uploads\/2024\/07\/image-49.png","datePublished":"2024-07-10T03:10:19+00:00","dateModified":"2024-07-10T03:13:51+00:00","breadcrumb":{"@id":"https:\/\/www.anc.cr\/victor-hugo-castro-araya-1939-2020\/#breadcrumb"},"inLanguage":"en-US","potentialAction":[{"@type":"ReadAction","target":["https:\/\/www.anc.cr\/victor-hugo-castro-araya-1939-2020\/"]}]},{"@type":"ImageObject","inLanguage":"en-US","@id":"https:\/\/www.anc.cr\/victor-hugo-castro-araya-1939-2020\/#primaryimage","url":"https:\/\/www.anc.cr\/wp-content\/uploads\/2024\/07\/image-49.png","contentUrl":"https:\/\/www.anc.cr\/wp-content\/uploads\/2024\/07\/image-49.png","width":262,"height":259},{"@type":"BreadcrumbList","@id":"https:\/\/www.anc.cr\/victor-hugo-castro-araya-1939-2020\/#breadcrumb","itemListElement":[{"@type":"ListItem","position":1,"name":"Portada","item":"https:\/\/www.anc.cr\/"},{"@type":"ListItem","position":2,"name":"Victor Hugo Castro Araya (1939-2020)"}]},{"@type":"WebSite","@id":"https:\/\/www.anc.cr\/#website","url":"https:\/\/www.anc.cr\/","name":"ANC","description":"Academia Nacional de Ciencias","publisher":{"@id":"https:\/\/www.anc.cr\/#organization"},"potentialAction":[{"@type":"SearchAction","target":{"@type":"EntryPoint","urlTemplate":"https:\/\/www.anc.cr\/?s={search_term_string}"},"query-input":{"@type":"PropertyValueSpecification","valueRequired":true,"valueName":"search_term_string"}}],"inLanguage":"en-US"},{"@type":"Organization","@id":"https:\/\/www.anc.cr\/#organization","name":"ANC","url":"https:\/\/www.anc.cr\/","logo":{"@type":"ImageObject","inLanguage":"en-US","@id":"https:\/\/www.anc.cr\/#\/schema\/logo\/image\/","url":"https:\/\/www.anc.cr\/wp-content\/uploads\/2024\/07\/Logo-ANC-CR.png","contentUrl":"https:\/\/www.anc.cr\/wp-content\/uploads\/2024\/07\/Logo-ANC-CR.png","width":1051,"height":593,"caption":"ANC"},"image":{"@id":"https:\/\/www.anc.cr\/#\/schema\/logo\/image\/"}}]}</script>
<!-- / Yoast SEO plugin. -->

Victor Hugo Castro Araya (1939-2020) Académico de Número Victor Castro se especializó en la fitoquímica y estudió, en conjunto con otros investigadores, nuevas sustancias o fracciones de extractos naturales que puedan ser usados en la industria cosmética o alimentaria Ocupó los cargos de Asistente Estudiante en la Escuela de Química de la Universidad de Costa [&hellip;]
